*3 + 10/1. Suppose -4*v + v - 24 = 0. Let q = v + y. List the prime factors of q.
5
Let s = 14 - 7. What are the prime factors of s?
7
Let z be (-2 - (-16)/10)*35. Let r = 53 + -28. Let k = z + r. List the prime factors of k.
11
Suppose 3*v + 73 = 667. What are the prime factors of v?
2, 3, 11
Suppose -2*z + 4 - 18 = -j, 3*z - 83 = -5*j. Suppose j = 2*y - 6. List the prime factors of y.
11
Suppose 3*r - 25 = -1. List the prime factors of r.
2
Let w be 1038/18 - 2/(-6). Suppose m - 5*f = 67, -m = -4*f + 2*f - w. List the prime factors of m.
2, 13
Let b(n) = 0 + 4 + 5 - 2 + n**2. What are the prime factors of b(0)?
7
What are the prime factors of 0 + (4 - 2) + 80?
2, 41
Let b(z) be the first derivative of -z**4/4 + z**2 + z - 1. Let s be b(-1). Suppose s = 2*p + 5*x - 43, 4*p - 2*p = -2*x + 28. What are the prime factors of p?
3
Suppose -5*q + 44 = -81. What are the prime factors of q?
5
Let v(r) = r**2 - 7*r - 19. List the prime factors of v(13).
59
Suppose 2*k - 7*k - 5*w = -310, -4*k - 3*w = -249. What are the prime factors of k?
3, 7
Suppose 5*y - 212 = y. Let p be (-4)/14 + (-528)/14. Let v = y + p. List the prime factors of v.
3, 5
Let f(u) be the third derivative of -u**6/120 - 7*u**5/60 - 7*u**4/24 - u**3/6 - 4*u**2. What are the prime factors of f(-6)?
5
Let l(g) = g**3 + 2*g**2 + 3*g + 3. Let j be l(-2). Let k = j - -8. What are the prime factors of k?
5
What are the prime factors of -3 + 3/12*4*126?
3, 41
Let p be (-2 - 1)/9*3. Let l(m) = 27*m**2 - 2*m - 1. Let x be l(p). Suppose -17 = i - 4*i + 2*j, -2*i + x = 2*j. List the prime factors of i.
3
Let j(n) = 7*n**2 - n + 5. Let k be j(-5). Suppose -u + 5*a = -51, 5*u - k = -2*a - 11. Suppose 4*p = 5*o - 8, -5 = 4*o + 5*p - u. List the prime factors of o.
2
Suppose -3*g = 3*w, 4*w + 5*g + 4 = -1. Suppose a - 3*t - 2*t = 27, w*t - 161 = -3*a. List the prime factors of a.
47
What are the prime factors of -3 + (-24)/9*-6?
13
Let m = -3 + 7. Suppose -3*z + z = m*o - 34, -5*o = 4*z - 44. List the prime factors of o.
2
Let l(g) = g + 2. Let d be l(-2). Suppose -p + 4*n = -17, -5*p - 4*n + 13 = -d. Let z(j) = -j**2 + 6*j + 5. What are the prime factors of z(p)?
2, 5
List the prime factors of ((-130)/7)/((30/42)/(-5)).
2, 5, 13
Suppose -z + 13 = -f, 10 = 4*z - 2*z + 2*f. Let i(j) = j**3 - 10*j**2 + 12*j - 8. List the prime factors of i(z).
19
Let m(c) = 2*c + 1. Let h be m(2). Let t = 11 - h. List the prime factors of t.
2, 3
Let f(x) = 3*x - 3. Let n = 2 - -2. Let g be f(n). Suppose 3*z - 2*o = g, 22 - 62 = -5*z - 5*o. What are the prime factors of z?
5
What are the prime factors of -143*(2/2)/(-2 + 1)?
11, 13
Let l be 140/42 - 1/3. Let v(m) = m**2 - 6*m - 6. Let t be v(-4). Suppose x = -l*w - x + 25, 2*w - t = 3*x. List the prime factors of w.
11
Suppose -l + 80 = 3*l. Let w = 46 - l. List the prime factors of w.
2, 13
Let d(w) = -w**3 + 4*w**2 + 6*w - 3. Let i be d(5). Let j = i + 3. Suppose -b - j*g = 10, 5*g = 2*b + b - 70. What are the prime factors of b?
3, 5
Let n(s) be the first derivative of s**3/3 + s**2 - 7*s + 1. List the prime factors of n(-5).
2
Let j = 55 - 14. List the prime factors of j.
41
Let h(o) = 5*o**2 - o + 91. What are the prime factors of h(0)?
7, 13
List the prime factors of ((-164)/(-6))/((-14)/(-21)).
41
Suppose -4*s - 135 = -479. List the prime factors of s.
2, 43
Suppose 121 = 5*b + 6. What are the prime factors of b?
23
Let o = 33 + -9. What are the prime factors of o?
2, 3
Suppose 7*q = 3*q + 8, -4*a - 5*q = -18. Suppose 0 = -a*v - g + 17, v + 3*g - 1 = 4*g. List the prime factors of v.
2, 3
Let x = 151 - 104. List the prime factors of x.
47
Let m = 194 - 129. What are the prime factors of m?
5, 13
Suppose 7*x - 56 = -2*v + 3*x, -20 = 5*x. List the prime factors of v.
2, 3
What are the prime factors of (244/(-6))/(16/6 - 3)?
2, 61
Suppose 8 + 8 = -2*y. Let v be (y/(-2) - 3) + -1. Suppose v = -g - g + 10. What are the prime factors of g?
5
Let a(b) = -3*b + 12*b**2 + 2*b**3 + 2 - 3*b**3 - 5 - 10*b**2. What are the prime factors of a(-2)?
19
Let g = -273 + 402. What are the prime factors of g?
3, 43
Let h(n) = n**2 - n + 4. List the prime factors of h(-10).
2, 3, 19
Let n be (-4*1)/(4/6). What are the prime factors of (39/n)/((-1)/2)?
13
Suppose 2*w = 8, 2*x - 3*w - 11 = x. What are the prime factors of x?
23
Let o(b) = b**3 + 4*b**2 + 3*b - 3. Let p be o(-3). Let c = 6 + p. Suppose c*z - 15 = -2*z. What are the prime factors of z?
3
Let r = -1 + 4. Let z be -6*((-4)/r)/2. Suppose -3*l + z*t + 36 = 3*t, -2*t = 0. List the prime factors of l.
2, 3
Let x(t) = -t**2 - 6. Let z be x(0). List the prime factors of ((-22)/z)/((-1)/(-3)).
11
What are the prime factors of 8/(-32) - 711/(-12)?
59
Let i be 6/27*6*18. Let s = 39 - i. What are the prime factors of s?
3, 5
Suppose 3*r - 28 = -1. Let k(w) = -w + 19. List the prime factors of k(r).
2, 5
List the prime factors of (24/16)/((-1)/(-154)).
3, 7, 11
Let l be (-1 + 5)/((-4)/8). Let x = 4 + l. What are the prime factors of (x/(-6))/((-2)/(-9))?
3
Suppose -5*g = -2*a - 2*a + 62, 4*a + 2*g - 48 = 0. Suppose -1 = -y + a. What are the prime factors of y?
2, 7
Let y(p) = p**3 - 2*p**2 - 5*p + 4. Let m be y(3). What are the prime factors of m/6*(-12 - -3)?
3
Suppose 9 + 11 = 4*h - q, 3*h - 32 = 5*q. Suppose 19 = r + 4*f, h*r - 3*f = -3 + 60. What are the prime factors of r?
3, 5
List the prime factors of ((-98)/6)/(8/12)*-2.
7
Suppose -6*h + 83 = -487. What are the prime factors of h?
5, 19
Suppose 0*z = -3*z. Let h(o) = -3*o - 13. Let y(j) = -j - 7. Let c(i) = 2*h(i) - 5*y(i). What are the prime factors of c(z)?
3
Let d = 4 + -4. Suppose 0*u - 4*u - 4*f + 64 = d, -4*u + 3*f + 29 = 0. What are the prime factors of u?
11
List the prime factors of ((-34)/1)/((-1)/4).
2, 17
Let w be -2 - -2 - -3 - -1. Suppose w*y = -3*t + 2*y + 46, 4*y = 2*t - 4. What are the prime factors of t?
2, 3
Let z = 147 + -211. What are the prime factors of z/(-10) - 16/40?
2, 3
Let m(x) = 3*x**2 - 2*x. What are the prime factors of m(5)?
5, 13
Let w be 24/1 + (-6)/(-2). Suppose 0 = -4*g - 2*s + 3 + w, -2*g = -2*s - 18. What are the prime factors of g?
2
Let c(q) = -13*q - 7 + 3*q**3 + 8*q**2 + 3 + 17. Let i(o) = -o**3 + o - 1. Let d(h) = -c(h) - 4*i(h). What are the prime factors of d(7)?
5
Let f = -14 + 28. What are the prime factors of f?
2, 7
Let y be 8/(-32) - 34/(-8). List the prime factors of (-15)/(-10) - (-2)/y.
2
Let i = -25 - -41. What are the prime factors of i?
2
Let o = 14 - 20. List the prime factors of 2*((-33)/o + -1).
3
Suppose 21*x = 17*x + 272. List the prime factors of x.
2, 17
Let n(t) = 9*t - 23. What are the prime factors of n(16)?
11
Let z(n) = 5*n - 56. Let d(f) = -f + 14. Let t(p) = 9*d(p) + 2*z(p). What are the prime factors of t(-8)?
2, 3
List the prime factors of (32/(-12))/(2/(-30)).
2, 5
Let i be (-2)/6 + 230/6. Suppose -84*o = -81*o - 60. Let n = i - o. List the prime factors of n.
2, 3
Let y be (-6)/9 + 105/9. Let w = 37 - y. What are the prime factors of w?
2, 13
List the prime factors of 38/3*(-18)/(-6).
2, 19
Let x = 192 + 74. List the prime factors of x.
2, 7, 19
Suppose -21 = -3*v - 5*g, -5 = -2*g + 1. Let b(d) = 4*d**v + 1 + d - 20*d**3 - d**2 - 2*d**2. What are the prime factors of b(-1)?
3, 7
Suppose 4*x = -8, -s + 3*x - 24 = s. Let u = s - -25. Let f = u + -1. List the prime factors of f.
3
Let s(y) be the first derivative of y**4/4 + 2*y**3 + y**2 + 4*y - 4. List the prime factors of s(-4).
2, 7
Let f(n) = n**2 + 5*n - 9. Let v be f(-7). What are the prime factors of (-2)/(-2) + 55/v?
2, 3
Let k(y) = 23*y**2 + 3*y - 2. Let a be k(1). Suppose u = -2*u + a. List the prime factors of u.
2
Suppose 0 = -j - 3*f - 2*f + 76, f = 2*j - 108. What are the prime factors of j?
2, 7
Let v(m) = m**3 + 8*m**2 + 7*m - 9. Let q be v(-7). What are the prime factors of (-42)/q*6 - 0?
2, 7
Let a(y) = 5*y - 2*y + 5 - 3 + y. List the prime factors of a(6).
2, 13
List the prime factors of (1/5*3)/(4/260).
3, 13
Let o be (-86)/(0 + -1) + -3. What are the prime factors of o/9 - 10/45?
3
Suppose 0 = -2*i + q + 10, -4*i + 15 + 9 = -4*q. Suppose 2*c = -i*n + 83 - 23, -4*n = 4*c - 112. List the prime factors of c.
2, 13
Let k = -13 + 14. Let d = 16 - k. What are the prime factors of d?
3, 5
Suppose 5*l + 37 = 2*d - 6, 0 = 4*l - 2*d +